ite?
False
Is 759355 a composite number?
True
Is 934631 a composite number?
True
Is 72613 prime?
True
Is 1399 prime?
True
Is 7993 prime?
True
Is 208037 a prime number?
True
Is 107005 a prime number?
False
Is 2963 a composite number?
False
Is 122219 composite?
False
Is 52907 composite?
True
Is 685907 a prime number?
True
Is 84779 composite?
True
Is 78899 prime?
False
Is 17021 composite?
False
Is 35023 composite?
False
Is 225595 prime?
False
Is 4954 composite?
True
Is 153871 composite?
False
Is 343345 composite?
True
Is 21257 composite?
True
Is 17669 prime?
True
Is 32081 composite?
True
Is 100043 composite?
False
Is 13068607 prime?
True
Is 154345 a composite number?
True
Is 141413 a composite number?
False
Is 13173 composite?
True
Is 118831 a prime number?
True
Is 67531 a prime number?
True
Is 10847 composite?
False
Is 14143 a composite number?
False
Is 735551 a prime number?
False
Is 91213 a composite number?
True
Is 19297 a prime number?
False
Is 55349 prime?
False
Is 58817 a composite number?
True
Is 54301 a prime number?
False
Is 352181 a prime number?
True
Is 2481 a composite number?
True
Is 1799 a prime number?
False
Is 39511 a composite number?
False
Is 231779 a prime number?
True
Is 12841 a prime number?
True
Is 7573 prime?
True
Is 231649 prime?
False
Is 2119 a prime number?
False
Is 169861 composite?
True
Is 172671 composite?
True
Is 41269 a composite number?
False
Is 546841 a composite number?
False
Is 61862 a prime number?
False
Is 75139 composite?
True
Is 1001699 composite?
True
Is 4177 a prime number?
True
Is 551269 prime?
True
Is 126073 prime?
False
Is 216877 a composite number?
False
Is 2777 composite?
False
Is 3391511 prime?
False
Is 16493 composite?
False
Is 1188527 a prime number?
True
Is 8509 a prime number?
False
Is 12659 prime?
True
Is 25693 composite?
False
Is 1163 composite?
False
Is 6319 a composite number?
True
Is 1062491 composite?
True
Is 282221 composite?
False
Is 973591 composite?
False
Is 1141934 composite?
True
Is 31177 prime?
True
Is 59333 a prime number?
True
Is 1901 a prime number?
True
Is 520157 a prime number?
False
Is 26233 a prime number?
False
Is 31907 a prime number?
True
Is 9901 a prime number?
True
Is 2681 a composite number?
True
Is 9803 composite?
False
Is 14177 a prime number?
True
Is 176041 a composite number?
False
Is 25059 a prime number?
False
Is 211 prime?
True
Is 542563 composite?
True
Is 47933 composite?
False
Is 270143 prime?
True
Is 228497 composite?
True
Is 7451 a composite number?
False
Is 17903 a composite number?
False
Is 1689971 composite?
True
Is 67 composite?
False
Is 58649 composite?
True
Is 5541 a prime number?
False
Is 10903 prime?
True
Is 16537 composite?
True
Is 1000289 a composite number?
False
Is 3579 a prime number?
False
Is 56149 a prime number?
True
Is 66153 a prime number?
False
Is 4909 composite?
False
Is 105863 a prime number?
True
Is 6385 composite?
True
Is 1012171 composite?
False
Is 249089 prime?
True
Is 1651 composite?
True
Is 9031 a composite number?
True
Is 1232879 composite?
False
Is 28429 a composite number?
False
Is 24737 composite?
True
Is 370241 prime?
True
Is 46537 prime?
False
Is 437861 composite?
False
Is 327059 a prime number?
True
Is 120473 a composite number?
False
Is 5021 prime?
True
Is 8963 prime?
True
Is 1502 a composite number?
True
Is 1544987 composite?
False
Is 228443 a prime number?
True
Is 1464787 a composite number?
False
Is 305837 a composite number?
True
Is 37799 composite?
False
Is 273773 a prime number?
True
Is 65207 a composite number?
True
Is 82109 composite?
True
Is 67047 a prime number?
False
Is 130579 prime?
True
Is 210967 a composite number?
False
Is 542563 prime?
False
Is 184031 a composite number?
False
Is 24481 a composite number?
False
Is 7321 a prime number?
True
Is 358373 prime?
True
Is 16843 a prime number?
True
Is 6371 a prime number?
False
Is 4733 prime?
True
Is 9977 a prime number?
False
Is 6749 prime?
False
Is 682439 composite?
False
Is 9863 composite?
True
Is 87 prime?
False
Is 30445 composite?
True
Is 153817 a composite number?
False
Is 2987 a prime number?
False
Is 284147 a prime number?
False
Is 20543 composite?
False
Is 272807 a composite number?
False
Is 17287 a composite number?
True
Is 166087 composite?
True
Is 109465 a composite number?
True
Is 4937 composite?
False
Is 197947 prime?
True
Is 13261 a composite number?
True
Is 306713 a prime number?
False
Is 28129 a prime number?
False
Is 19123 a prime number?
False
Is 19807 a composite number?
True
Is 456933 prime?
False
Is 36187 prime?
True
Is 24493 composite?
True
Is 409 prime?
True
Is 1517 composite?
True
Is 76561 prime?
True
Is 6274 prime?
False
Is 222427 a composite number?
True
Is 23011 prime?
True
Is 45179 prime?
True
Is 787 composite?
False
Is 597539 composite?
False
Is 4061 a composite number?
True
Is 1319 prime?
True
Is 70715 a prime number?
False
Is 623531 prime?
True
Is 15829 composite?
True
Is 8063 a composite number?
True
Is 56843 composite?
False
Is 5873 a composite number?
True
Is 52501 a composite number?
False
Is 846161 composite?
False
Is 16033 a prime number?
True
Is 1816489 a composite number?
False
Is 124739 a composite number?
False
Is 254321 composite?
True
Is 6321563 a prime number?
True
Is 30479 a prime number?
False
Is 5747 prime?
False
Is 124511 a prime number?
False
Is 13837 composite?
True
Is 25097 a prime number?
True
Is 2777 composite?
False
Is 15107 a composite number?
False
Is 237127 a composite number?
True
Is 105097 a composite number?
False
Is 137867 composite?
False
Is 8939 a composite number?
True
Is 929 composite?
False
Is 12223 a prime number?
False
Is 34211 composite?
False
Is 1519243 a composite number?
True
Is 182671 a composite number?
True
Is 31129 prime?
False
Is 3493 prime?
False
Is 27631 prime?
True
Is 33869 prime?
False
Is 11545 a prime number?
False
Is 25133 a prime number?
False
Is 4236773 a composite number?
False
Is 1523 a composite number?
False
Is 206993 a prime number?
True
Is 4050847 a prime number?
True
Is 173401 prime?
False
Is 9409 prime?
False
Is 4853 a composite number?
True
Is 26849 composite?
False
Is 1246907 prime?
True
Is 522377 prime?
False
Is 183839 prime?
False
Is 40123 a composite number?
False
Is 759137 a prime number?
False
Is 4547 composite?
False
Is 190771 a prime number?
False
Is 7669 a prime number?
True
Is 6295 a composite number?
True
Is 256811 a composite number?
True
Is 1799219 prime?
True
Is 40195 prime?
False
Is 1557011 a prime number?
False
Is 20611 composite?
False
Is 14354 composite?
True
Is 86813 prime?
True
Is 107591 prime?
False
Is 19181 a composite number?
False
Is 16201 prime?
False
Is 13943 composite?
True
Is 111653 prime?
True
Is 7169 prime?
False
Is 839 a prime number?
True
Is 96127 composite?
True
Is 105877 prime?
False
Is 15362 composite?
True
Is 143087 a composite number?
True
Is 355483 a composite number?
False
Is 160781 composite?
False
Is 28807 prime?
True
Is 413965 a prime number?
False
Is 2981 composite?
True
Is 15287 a composite number?
False
Is 3971245 composite?
True
Is 21739 composite?
False
Is 237379 a composite number?
False
Is 12829 prime?
True
Is 58907 a prime number?
True
Is 141433 prime?
False
Is 225919 a composite number?
False
Is 401777 a composite number?
True
Is 55871 a prime number?
True
Is 93047 a composite number?
False
Is 11474 a composite number?
True
Is 3821 a prime number?
True
Is 20663 composite?
False
Is 16867 a composite number?
True
Is 18587 composite?
False
Is 706463 a prime number?
True
Is 42317 composite?
True
Is 16447 prime?
True
Is 710207 a composite number?
False
Is 4609 prime?
False
Is 33833 a prime number?
False
Is 8641 a prime number?
True
Is 30529 a composite number?
False
Is 15569 composite?
False
Is 26947 a composite number?
False
Is 18743 a composite number?
False
Is 1485821 a prime number?
True
Is 127667 a composite number?
True
Is 3967 composite?
False
Is 2019 a prime number?
False
Is 3967 composite?
False
Is 173041 a prime number?
False
Is 267955 prime?
False
Is 14594 a composite number?
True
Is 3251 composite?
False
Is 4703 prime?
True
Is 89366 a prime number?
False
Is 2561 prime?
False
Is 446119 a composite number?
True
Is 11038 composite?
True
Is 530609 composite?
False
Is 4637 a composite number?
False
Is 115 composite?
